{"id":48970,"date":"2021-10-07T12:50:24","date_gmt":"2021-10-07T11:50:24","guid":{"rendered":"https:\/\/isbsport.com\/partes-de-un-rodamiento\/"},"modified":"2026-02-04T16:23:48","modified_gmt":"2026-02-04T15:23:48","slug":"partes-de-un-rodamiento","status":"publish","type":"page","link":"https:\/\/isbsport.com\/latam\/partes-de-un-rodamiento\/","title":{"rendered":"Partes de un rodamiento"},"content":{"rendered":"<div class=\"wpb-content-wrapper\"><p>[vc_row css_animation=&#8221;&#8221; row_type=&#8221;row&#8221; use_row_as_full_screen_section=&#8221;no&#8221; type=&#8221;full_width&#8221; angled_section=&#8221;no&#8221; text_align=&#8221;left&#8221; background_image_as_pattern=&#8221;without_pattern&#8221;][vc_column][vc_empty_space][\/vc_column][\/vc_row][vc_row css_animation=&#8221;&#8221; row_type=&#8221;row&#8221; use_row_as_full_screen_section=&#8221;no&#8221; type=&#8221;full_width&#8221; angled_section=&#8221;no&#8221; text_align=&#8221;left&#8221; background_image_as_pattern=&#8221;without_pattern&#8221; el_class=&#8221;video-box-l&#8221;][vc_column][qode_elements_holder number_of_columns=&#8221;two_columns&#8221;][qode_elements_holder_item cover=&#8221;yes&#8221; advanced_animations=&#8221;no&#8221; background_image=&#8221;35079&#8243; item_padding=&#8221;0 0% 0 31px&#8221; item_padding_1024_1280=&#8221;0 0% 30px 61px&#8221; item_padding_480_600=&#8221;0 0% 30px 8%&#8221; item_padding_480=&#8221;0 0% 30px 8%&#8221;][vc_empty_space height=&#8221;194px&#8221;][vc_empty_space height=&#8221;13px&#8221;][\/qode_elements_holder_item][qode_elements_holder_item advanced_animations=&#8221;no&#8221; item_padding=&#8221;7% 14% 5% 14%&#8221; item_padding_1024_1280=&#8221;17% 9% 18% 9%&#8221; item_padding_768_1024=&#8221;12% 4% 12% 5%&#8221; item_padding_600_768=&#8221;12% 8% 12% 8%&#8221; item_padding_480_600=&#8221;17% 8% 18% 8%&#8221; item_padding_480=&#8221;17% 8% 18% 8%&#8221;][vc_column_text]<strong><span style=\"color: #149544\">PARTES DE UN RODAMIENTO<\/span><\/strong>[\/vc_column_text][vc_empty_space][vc_column_text]<\/p>\n<p style=\"text-align: justify\"><span style=\"color: #ffffff\">Por norma general, los <span style=\"color: #149544\"><b>rodamientos<\/b><\/span> est\u00e1n formados b\u00e1sicamente por dos aros o anillos, unos elementos rodantes y una jaula. Algunos de estos elementos son los que servir\u00e1n, entre otros, para clasificarlos en funci\u00f3n de sus diferencias de dise\u00f1o y estructura.<\/span><\/p>\n<p>&nbsp;<\/p>\n<p style=\"text-align: justify\"><span style=\"color: #ffffff\">La base de los \u201crodamientos\u201d est\u00e1 formada por dos <span style=\"color: #149544\"><b>aros<\/b><\/span> conc\u00e9ntricos llamados aro exterior y aro interior cuyo material de fabricaci\u00f3n determinar\u00e1 si se trata de<span class=\"Apple-converted-space\">\u00a0 <\/span>\u201cRodamientos de acero\u201d, \u201cRodamientos de acero inoxidable\u201d, \u201cRodamientos cer\u00e1micos\u201d, etc.<\/span><\/p>\n<p style=\"text-align: justify\"><span style=\"color: #ffffff\"><span class=\"Apple-converted-space\">\u00a0<\/span><\/span><\/p>\n<p style=\"text-align: justify\"><span style=\"color: #ffffff\">Estos anillos tienen la misi\u00f3n de alojar unos los elementos rodantes que pueden ser bolas o rodillos para que \u00e9stos se desplacen sobre sus pistas de rodadura sin ninguna dificultad. Los rodillos pueden ser rodillos c\u00f3nicos, rodillos cil\u00edndricos o agujas lo que permitir\u00e1 su clasificaci\u00f3n en Rodamientos de bolas\u201d (los m\u00e1s habituales), \u201cRodamientos de rodillos c\u00f3nicos\u201d, \u201cRodamientos de rodillos cil\u00edndricos\u201d o \u201cRodamientos de agujas\u201d.<\/span><\/p>\n<p>&nbsp;<\/p>\n<p style=\"text-align: justify\"><span style=\"color: #ffffff\">La<b> <\/b><span style=\"color: #149544\"><b>jaula<\/b><\/span> es el componente separador que permite que las bolas o rodillos queden fijados de forma equidistante. Suele ser de chapa de acero estampada, pero tambi\u00e9n de nylon, lat\u00f3n, o simplemente no estar incluida en el rodamiento, como ser\u00eda el caso particular de los Rodamientos de la Serie VMax para bicicleta cuya ejecuci\u00f3n hace que contengan una bola m\u00e1s y rueden de manera libre.<\/span><\/p>\n<p>&nbsp;<\/p>\n<p style=\"text-align: justify\"><span style=\"color: #ffffff\">Las<b> <\/b><span style=\"color: #149544\"><b>tapas<\/b><\/span><b>\u00a0<\/b>de acero o de goma<b>\u00a0<\/b>son un elemento habitual ya que evitan la entrada de agentes contaminantes en el rodamiento. La ejecuci\u00f3n de estos sellos puede ser de acero o\u00a0\u00a0goma \u201c2RS\u201d a ambos lados, \u201cZZ\u201d o \u201c2RS\u201d respectivamente, a un solo lado o bien a ninguno como ser\u00eda el caso de conocidos como rodamientos \u201cabiertos\u201d.<\/span><\/p>\n<p>[\/vc_column_text][\/qode_elements_holder_item][\/qode_elements_holder][\/vc_column][\/vc_row]<\/p>\n<\/div>","protected":false},"excerpt":{"rendered":"<p>[vc_row css_animation=&#8221;&#8221; row_type=&#8221;row&#8221; use_row_as_full_screen_section=&#8221;no&#8221; type=&#8221;full_width&#8221; angled_section=&#8221;no&#8221; text_align=&#8221;left&#8221; background_image_as_pattern=&#8221;without_pattern&#8221;][vc_column][vc_empty_space][\/vc_column][\/vc_row][vc_row css_animation=&#8221;&#8221; row_type=&#8221;row&#8221; use_row_as_full_screen_section=&#8221;no&#8221; type=&#8221;full_width&#8221; angled_section=&#8221;no&#8221; text_align=&#8221;left&#8221; background_image_as_pattern=&#8221;without_pattern&#8221; el_class=&#8221;video-box-l&#8221;][vc_column][qode_elements_holder number_of_columns=&#8221;two_columns&#8221;][qode_elements_holder_item cover=&#8221;yes&#8221; advanced_animations=&#8221;no&#8221; background_image=&#8221;35079&#8243; item_padding=&#8221;0 0% 0 31px&#8221; item_padding_1024_1280=&#8221;0 0% 30px 61px&#8221; item_padding_480_600=&#8221;0 0% 30px 8%&#8221; item_padding_480=&#8221;0 0% 30px 8%&#8221;][vc_empty_space height=&#8221;194px&#8221;][vc_empty_space height=&#8221;13px&#8221;][\/qode_elements_holder_item][qode_elements_holder_item advanced_animations=&#8221;no&#8221; item_padding=&#8221;7% 14% 5% 14%&#8221; item_padding_1024_1280=&#8221;17% 9%&#8230;<\/p>\n","protected":false},"author":1,"featured_media":0,"parent":0,"menu_order":0,"comment_status":"closed","ping_status":"closed","template":"full_width.php","meta":{"footnotes":""},"class_list":["post-48970","page","type-page","status-publish","hentry"],"_links":{"self":[{"href":"https:\/\/isbsport.com\/latam\/wp-json\/wp\/v2\/pages\/48970","targetHints":{"allow":["GET"]}}],"collection":[{"href":"https:\/\/isbsport.com\/latam\/wp-json\/wp\/v2\/pages"}],"about":[{"href":"https:\/\/isbsport.com\/latam\/wp-json\/wp\/v2\/types\/page"}],"author":[{"embeddable":true,"href":"https:\/\/isbsport.com\/latam\/wp-json\/wp\/v2\/users\/1"}],"replies":[{"embeddable":true,"href":"https:\/\/isbsport.com\/latam\/wp-json\/wp\/v2\/comments?post=48970"}],"version-history":[{"count":2,"href":"https:\/\/isbsport.com\/latam\/wp-json\/wp\/v2\/pages\/48970\/revisions"}],"predecessor-version":[{"id":66137,"href":"https:\/\/isbsport.com\/latam\/wp-json\/wp\/v2\/pages\/48970\/revisions\/66137"}],"wp:attachment":[{"href":"https:\/\/isbsport.com\/latam\/wp-json\/wp\/v2\/media?parent=48970"}],"curies":[{"name":"wp","href":"https:\/\/api.w.org\/{rel}","templated":true}]}}